{"id":1248,"date":"2020-03-18T20:36:42","date_gmt":"2020-03-18T19:36:42","guid":{"rendered":"http:\/\/www.paroissesaintlaumer.com\/?page_id=1248"},"modified":"2023-03-23T21:41:00","modified_gmt":"2023-03-23T20:41:00","slug":"faire-dire-une-messe","status":"publish","type":"page","link":"https:\/\/paroissesaintlaumer.com\/index.php\/faire-dire-une-messe\/","title":{"rendered":"Faire dire une messe"},"content":{"rendered":"\n<p><\/p>\n\n\n\n<p class=\"has-text-align-center has-text-color has-background has-medium-font-size\" style=\"background-color:#f1f8e9;color:#33691e\">Si vous souhaitez faire dire une messe pour<br>un de vos proches<\/p>\n\n\n\n<!--more-->\n\n\n\n<p class=\"has-text-align-center has-text-color has-background has-medium-font-size\" style=\"background-color:#c5e1a5;color:#33691e\">vivant ou disparu, vous pouvez contacter : <br><strong>P\u00e8re Vincent<\/strong><br>sur son t\u00e9l\u00e9phone au :<br><strong>06 24 16 55 98<\/strong> <\/p>\n\n\n\n<div class=\"wp-block-image is-style-rounded\"><figure class=\"aligncenter size-large\"><img loading=\"lazy\" width=\"1024\" height=\"1024\" src=\"https:\/\/paroissesaintlaumer.com\/wp-content\/uploads\/2023\/03\/Pere-SODIO-1-1024x1024.jpg\" alt=\"\" class=\"wp-image-3850\" srcset=\"https:\/\/paroissesaintlaumer.com\/wp-content\/uploads\/2023\/03\/Pere-SODIO-1-1024x1024.jpg 1024w, https:\/\/paroissesaintlaumer.com\/wp-content\/uploads\/2023\/03\/Pere-SODIO-1-300x300.jpg 300w, https:\/\/paroissesaintlaumer.com\/wp-content\/uploads\/2023\/03\/Pere-SODIO-1-150x150.jpg 150w, https:\/\/paroissesaintlaumer.com\/wp-content\/uploads\/2023\/03\/Pere-SODIO-1-768x768.jpg 768w, https:\/\/paroissesaintlaumer.com\/wp-content\/uploads\/2023\/03\/Pere-SODIO-1-1536x1536.jpg 1536w, https:\/\/paroissesaintlaumer.com\/wp-content\/uploads\/2023\/03\/Pere-SODIO-1-2048x2048.jpg 2048w\" sizes=\"(max-width: 1024px) 100vw, 1024px\" \/><figcaption>P\u00e8re Vincent<\/figcaption><\/figure><\/div>\n\n\n\n<p class=\"has-text-align-center has-text-color has-background has-medium-font-size\" style=\"background-color:#aed581;color:#33691e\">ou alors<br>d\u00e9posez votre intention dans la<br>boite aux lettres de la salle paroissiale.<br> Le r\u00e8glement s&#8217;effectue par ch\u00e8que \u00e0 l&#8217;ordre de :  <br><strong>Paroisse Saint Laumer du Perche<\/strong><\/p>\n\n\n\n<p class=\"has-text-align-center has-text-color has-background has-medium-font-size\" style=\"background-color:#9ccc65;color:#33691e\">Attention \u00e0 bien indiquer votre intention de messe<br>y compris pour une intention<br>personnelle ou particuli\u00e8re <br><strong>Le montant de l&#8217;offrande est libre<\/strong><\/p>\n\n\n\n<p><\/p>\n","protected":false},"excerpt":{"rendered":"<p>Si vous souhaitez faire dire une messe pourun de vos proches<\/p>\n","protected":false},"author":1,"featured_media":2065,"parent":0,"menu_order":0,"comment_status":"closed","ping_status":"closed","template":"","meta":{"ngg_post_thumbnail":0},"_links":{"self":[{"href":"https:\/\/paroissesaintlaumer.com\/index.php\/wp-json\/wp\/v2\/pages\/1248"}],"collection":[{"href":"https:\/\/paroissesaintlaumer.com\/index.php\/wp-json\/wp\/v2\/pages"}],"about":[{"href":"https:\/\/paroissesaintlaumer.com\/index.php\/wp-json\/wp\/v2\/types\/page"}],"author":[{"embeddable":true,"href":"https:\/\/paroissesaintlaumer.com\/index.php\/wp-json\/wp\/v2\/users\/1"}],"replies":[{"embeddable":true,"href":"https:\/\/paroissesaintlaumer.com\/index.php\/wp-json\/wp\/v2\/comments?post=1248"}],"version-history":[{"count":19,"href":"https:\/\/paroissesaintlaumer.com\/index.php\/wp-json\/wp\/v2\/pages\/1248\/revisions"}],"predecessor-version":[{"id":3851,"href":"https:\/\/paroissesaintlaumer.com\/index.php\/wp-json\/wp\/v2\/pages\/1248\/revisions\/3851"}],"wp:featuredmedia":[{"embeddable":true,"href":"https:\/\/paroissesaintlaumer.com\/index.php\/wp-json\/wp\/v2\/media\/2065"}],"wp:attachment":[{"href":"https:\/\/paroissesaintlaumer.com\/index.php\/wp-json\/wp\/v2\/media?parent=1248"}],"curies":[{"name":"wp","href":"https:\/\/api.w.org\/{rel}","templated":true}]}}