{"id":1294,"date":"2020-03-20T10:27:20","date_gmt":"2020-03-20T09:27:20","guid":{"rendered":"http:\/\/www.paroissesaintlaumer.com\/?page_id=1294"},"modified":"2020-03-20T10:32:58","modified_gmt":"2020-03-20T09:32:58","slug":"diocese","status":"publish","type":"page","link":"https:\/\/paroissesaintlaumer.com\/index.php\/diocese\/","title":{"rendered":"Dioc\u00e8se"},"content":{"rendered":"\n<p>En cliquant sur ce lien, vous trouverez toutes les publications li\u00e9es au dioc\u00e8se et \u00e0 Monseigneur l\u2019\u00c9v\u00eaque.<\/p>\n\n\n\n<div class=\"wp-block-button\"><a class=\"wp-block-button__link has-background has-vivid-cyan-blue-background-color\" href=\"\/index.php\/category\/diocese\/\">Publications du dioc\u00e8se<\/a><\/div>\n\n\n\n<p> <\/p>\n","protected":false},"excerpt":{"rendered":"<p>En cliquant sur ce lien, vous trouverez toutes les publications li\u00e9es au dioc\u00e8se et \u00e0 Monseigneur l\u2019\u00c9v\u00eaque.<\/p>\n","protected":false},"author":1,"featured_media":1296,"parent":0,"menu_order":0,"comment_status":"closed","ping_status":"closed","template":"","meta":{"ngg_post_thumbnail":0},"_links":{"self":[{"href":"https:\/\/paroissesaintlaumer.com\/index.php\/wp-json\/wp\/v2\/pages\/1294"}],"collection":[{"href":"https:\/\/paroissesaintlaumer.com\/index.php\/wp-json\/wp\/v2\/pages"}],"about":[{"href":"https:\/\/paroissesaintlaumer.com\/index.php\/wp-json\/wp\/v2\/types\/page"}],"author":[{"embeddable":true,"href":"https:\/\/paroissesaintlaumer.com\/index.php\/wp-json\/wp\/v2\/users\/1"}],"replies":[{"embeddable":true,"href":"https:\/\/paroissesaintlaumer.com\/index.php\/wp-json\/wp\/v2\/comments?post=1294"}],"version-history":[{"count":2,"href":"https:\/\/paroissesaintlaumer.com\/index.php\/wp-json\/wp\/v2\/pages\/1294\/revisions"}],"predecessor-version":[{"id":1302,"href":"https:\/\/paroissesaintlaumer.com\/index.php\/wp-json\/wp\/v2\/pages\/1294\/revisions\/1302"}],"wp:featuredmedia":[{"embeddable":true,"href":"https:\/\/paroissesaintlaumer.com\/index.php\/wp-json\/wp\/v2\/media\/1296"}],"wp:attachment":[{"href":"https:\/\/paroissesaintlaumer.com\/index.php\/wp-json\/wp\/v2\/media?parent=1294"}],"curies":[{"name":"wp","href":"https:\/\/api.w.org\/{rel}","templated":true}]}}