{"id":1504,"date":"2020-04-05T08:46:00","date_gmt":"2020-04-05T06:46:00","guid":{"rendered":"https:\/\/www.paroissesaintlaumer.com\/?page_id=1504"},"modified":"2020-04-05T08:46:00","modified_gmt":"2020-04-05T06:46:00","slug":"faire-un-don-a-leglise","status":"publish","type":"page","link":"https:\/\/paroissesaintlaumer.com\/index.php\/faire-un-don-a-leglise\/","title":{"rendered":"Faire un don \u00e0 l&#8217;\u00e9glise"},"content":{"rendered":"\n<p style=\"background-color:#c8e6c9\" class=\"has-background\">M\u00eame \u00e0 distance, vous pouvez contribuer aux ressources de votre paroisse en participant \u00e0 la qu\u00eate dominicale. Votre Eglise en a besoin plus que jamais !<\/p>\n\n\n\n<p style=\"background-color:#a5d6a7\" class=\"has-background has-text-align-center\">Rendez-vous sur le site <em><strong>je donne \u00e0 l&#8217;\u00e9glise<\/strong><\/em> pour<br>la paroisse Saint Laumer du Perche :<\/p>\n\n\n\n<div class=\"wp-block-buttons aligncenter\">\n<div class=\"wp-block-button\"><a class=\"wp-block-button__link has-text-color has-very-light-gray-color has-background\" href=\"https:\/\/jedonnealeglise.fr\/d35d5179-75ca-48a3-941e-29f163542ff8\" style=\"background-color:#4caf50;border-radius:5px\" target=\"_blank\" rel=\"noreferrer noopener\">Je donne \u00e0 l&#8217;\u00e9glise<\/a><\/div>\n<\/div>\n\n\n\n<p style=\"background-color:#c8e6c9\" class=\"has-background\">Il existe par ailleurs une application baptis\u00e9e <strong><em>La Qu\u00eate<\/em><\/strong> pour les t\u00e9l\u00e9phones mobiles. Cette application est certifi\u00e9e par le dioc\u00e8se.<\/p>\n\n\n\n<div class=\"wp-block-media-text alignwide is-stacked-on-mobile\" style=\"grid-template-columns:24% auto\"><figure class=\"wp-block-media-text__media\"><img loading=\"lazy\" width=\"272\" height=\"572\" src=\"https:\/\/www.paroissesaintlaumer.com\/wp-content\/uploads\/2020\/04\/appli_laquette.png\" alt=\"\" class=\"wp-image-1505\" srcset=\"https:\/\/paroissesaintlaumer.com\/wp-content\/uploads\/2020\/04\/appli_laquette.png 272w, https:\/\/paroissesaintlaumer.com\/wp-content\/uploads\/2020\/04\/appli_laquette-143x300.png 143w\" sizes=\"(max-width: 272px) 100vw, 272px\" \/><\/figure><div class=\"wp-block-media-text__content\">\n<p class=\"has-large-font-size\">Application La Qu\u00eate pour t\u00e9l\u00e9phone mobile<\/p>\n<\/div><\/div>\n\n\n\n<div class=\"wp-block-buttons aligncenter\">\n<div class=\"wp-block-button\"><a class=\"wp-block-button__link has-text-color has-very-light-gray-color has-background\" href=\"https:\/\/www.appli-laquete.fr\/\" style=\"background-color:#4caf50;border-radius:5px\" target=\"_blank\" rel=\"noreferrer noopener\">Acc\u00e8s au site web de l&#8217;application<\/a><\/div>\n<\/div>\n","protected":false},"excerpt":{"rendered":"<p>M\u00eame \u00e0 distance, vous pouvez contribuer aux ressources de votre paroisse en participant \u00e0 la qu\u00eate dominicale. Votre Eglise en a besoin plus que jamais ! Rendez-vous sur le site&hellip; <\/p>\n","protected":false},"author":1,"featured_media":1403,"parent":0,"menu_order":0,"comment_status":"closed","ping_status":"closed","template":"","meta":{"ngg_post_thumbnail":0},"_links":{"self":[{"href":"https:\/\/paroissesaintlaumer.com\/index.php\/wp-json\/wp\/v2\/pages\/1504"}],"collection":[{"href":"https:\/\/paroissesaintlaumer.com\/index.php\/wp-json\/wp\/v2\/pages"}],"about":[{"href":"https:\/\/paroissesaintlaumer.com\/index.php\/wp-json\/wp\/v2\/types\/page"}],"author":[{"embeddable":true,"href":"https:\/\/paroissesaintlaumer.com\/index.php\/wp-json\/wp\/v2\/users\/1"}],"replies":[{"embeddable":true,"href":"https:\/\/paroissesaintlaumer.com\/index.php\/wp-json\/wp\/v2\/comments?post=1504"}],"version-history":[{"count":1,"href":"https:\/\/paroissesaintlaumer.com\/index.php\/wp-json\/wp\/v2\/pages\/1504\/revisions"}],"predecessor-version":[{"id":1506,"href":"https:\/\/paroissesaintlaumer.com\/index.php\/wp-json\/wp\/v2\/pages\/1504\/revisions\/1506"}],"wp:featuredmedia":[{"embeddable":true,"href":"https:\/\/paroissesaintlaumer.com\/index.php\/wp-json\/wp\/v2\/media\/1403"}],"wp:attachment":[{"href":"https:\/\/paroissesaintlaumer.com\/index.php\/wp-json\/wp\/v2\/media?parent=1504"}],"curies":[{"name":"wp","href":"https:\/\/api.w.org\/{rel}","templated":true}]}}