{"id":2863,"date":"2021-07-16T20:47:57","date_gmt":"2021-07-16T18:47:57","guid":{"rendered":"https:\/\/paroissesaintlaumer.com\/?page_id=2863"},"modified":"2021-07-16T21:16:54","modified_gmt":"2021-07-16T19:16:54","slug":"neuvaine-a-sainte-anne-du-18-au-26-juillet-2021","status":"publish","type":"page","link":"https:\/\/paroissesaintlaumer.com\/index.php\/neuvaine-a-sainte-anne-du-18-au-26-juillet-2021\/","title":{"rendered":"Neuvaine \u00e0 Sainte Anne du 18 au 26 juillet 2021"},"content":{"rendered":"\n<blockquote class=\"wp-block-quote\"><p>Ce mois-ci, nous vous proposons la neuvaine \u00e0 sainte Anne, f\u00eat\u00e9e le 26 juillet : \u00e9pouse de Joachim (f\u00eat\u00e9 le m\u00eame jour), M\u00e8re de la Vierge Marie, a\u00efeule de Notre Seigneur J\u00e9sus-Christ, Patronne de la Bretagne. Souvenons-nous toujours qu&#8217;elle nous a donn\u00e9 l&#8217;Immacul\u00e9e Conception, et ayons une confiance immacul\u00e9e en son pouvoir d&#8217;intercession aupr\u00e8s de Dieu.<\/p><cite>Propos\u00e9 par Jean-Baptiste<\/cite><\/blockquote>\n\n\n\n<div class=\"wp-block-file\"><a href=\"https:\/\/paroissesaintlaumer.com\/wp-content\/uploads\/2021\/07\/Neuvaine-Sainte-Anne.pdf\" target=\"_blank\" rel=\"noreferrer noopener\">Neuvaine-Sainte-Anne<\/a><a href=\"https:\/\/paroissesaintlaumer.com\/wp-content\/uploads\/2021\/07\/Neuvaine-Sainte-Anne.pdf\" class=\"wp-block-file__button\" download>T\u00e9l\u00e9charger<\/a><\/div>\n\n\n\n<div class=\"wp-block-image\"><figure class=\"aligncenter size-large\"><img loading=\"lazy\" width=\"384\" height=\"512\" src=\"https:\/\/paroissesaintlaumer.com\/wp-content\/uploads\/2021\/07\/Sainte-Anne.jpg\" alt=\"\" class=\"wp-image-2859\" srcset=\"https:\/\/paroissesaintlaumer.com\/wp-content\/uploads\/2021\/07\/Sainte-Anne.jpg 384w, https:\/\/paroissesaintlaumer.com\/wp-content\/uploads\/2021\/07\/Sainte-Anne-225x300.jpg 225w\" sizes=\"(max-width: 384px) 100vw, 384px\" \/><\/figure><\/div>\n","protected":false},"excerpt":{"rendered":"<p>Ce mois-ci, nous vous proposons la neuvaine \u00e0 sainte Anne, f\u00eat\u00e9e le 26 juillet : \u00e9pouse de Joachim (f\u00eat\u00e9 le m\u00eame jour), M\u00e8re de la Vierge Marie, a\u00efeule de Notre&hellip; <\/p>\n","protected":false},"author":1,"featured_media":2871,"parent":0,"menu_order":0,"comment_status":"closed","ping_status":"closed","template":"","meta":{"ngg_post_thumbnail":0},"_links":{"self":[{"href":"https:\/\/paroissesaintlaumer.com\/index.php\/wp-json\/wp\/v2\/pages\/2863"}],"collection":[{"href":"https:\/\/paroissesaintlaumer.com\/index.php\/wp-json\/wp\/v2\/pages"}],"about":[{"href":"https:\/\/paroissesaintlaumer.com\/index.php\/wp-json\/wp\/v2\/types\/page"}],"author":[{"embeddable":true,"href":"https:\/\/paroissesaintlaumer.com\/index.php\/wp-json\/wp\/v2\/users\/1"}],"replies":[{"embeddable":true,"href":"https:\/\/paroissesaintlaumer.com\/index.php\/wp-json\/wp\/v2\/comments?post=2863"}],"version-history":[{"count":1,"href":"https:\/\/paroissesaintlaumer.com\/index.php\/wp-json\/wp\/v2\/pages\/2863\/revisions"}],"predecessor-version":[{"id":2865,"href":"https:\/\/paroissesaintlaumer.com\/index.php\/wp-json\/wp\/v2\/pages\/2863\/revisions\/2865"}],"wp:featuredmedia":[{"embeddable":true,"href":"https:\/\/paroissesaintlaumer.com\/index.php\/wp-json\/wp\/v2\/media\/2871"}],"wp:attachment":[{"href":"https:\/\/paroissesaintlaumer.com\/index.php\/wp-json\/wp\/v2\/media?parent=2863"}],"curies":[{"name":"wp","href":"https:\/\/api.w.org\/{rel}","templated":true}]}}