{"id":44,"date":"2017-11-08T13:22:03","date_gmt":"2017-11-08T12:22:03","guid":{"rendered":"http:\/\/paroissesaintlaumer.com\/?page_id=44"},"modified":"2023-12-28T09:16:44","modified_gmt":"2023-12-28T08:16:44","slug":"bapteme","status":"publish","type":"page","link":"https:\/\/paroissesaintlaumer.com\/index.php\/bapteme\/","title":{"rendered":"Bapt\u00eame"},"content":{"rendered":"\n<p>Pour demander le bapt\u00eame pour son enfant, pour vous m\u00eame. Pour obtenir un certificat de bapt\u00eame.<\/p>\n\n\n\n<!--more-->\n\n\n\n<h2>Demander un certificat de bapt\u00eame<\/h2>\n\n\n\n<p>Pour toute demande de certificat de bapt\u00eame, veuillez bien remplir la fiche suivante et nous la faire parvenir avec une enveloppe affranchie pour la r\u00e9ponse.<\/p>\n\n\n\n<div class=\"wp-block-file\"><a href=\"https:\/\/paroissesaintlaumer.com\/wp-content\/uploads\/2023\/12\/Fiche-de-demande-dextrait-date-de-Bapteme-1.pdf\">Fiche de demande d&#8217;extrait de bapt\u00eame<\/a><a href=\"https:\/\/paroissesaintlaumer.com\/wp-content\/uploads\/2023\/12\/Fiche-de-demande-dextrait-date-de-Bapteme-1.pdf\" class=\"wp-block-file__button\" download>T\u00e9l\u00e9charger<\/a><\/div>\n\n\n\n<h2>Demander le bapt\u00eame pour son enfant<\/h2>\n\n\n\n<p>Passer vous inscrire aux <a href=\"https:\/\/paroissesaintlaumer.com\/index.php\/page-d-exemple\/\" target=\"_blank\" rel=\"noreferrer noopener\">heures d\u2019ouverture de la permanence<\/a> ou appeler si vous n\u2019avez pas la possibilit\u00e9 de vous rendre \u00e0 la permanence.<\/p>\n\n\n\n<h2>Bapt\u00eame d&#8217;adulte<\/h2>\n\n\n<p>Vous n\u2019avez pas re\u00e7u le bapt\u00eame \u00e0 votre enfance&nbsp;! Vous voulez \u00eatre ami avec J\u00e9sus pour t\u00e9moigner de son amour&nbsp;! Vous vous posez des questions&nbsp;!<\/p>\n<p>Venez vous inscrire au cat\u00e9chum\u00e9nat pour cheminer ensemble, pour rencontrer J\u00e9sus et envisager un jour le bapt\u00eame.<\/p>\n<p>Contacter le cur\u00e9 (P\u00e8re Vincent SODIO) au 06 24 16 55 98 ou par mail : <a href=\"mailto:curesaintlaumerperche@gmail.com\">curesaintlaumerperche@gmail.com<\/a><\/p>\n<p><!--more--><\/p>\n<h2>Le bapt\u00eame est le premier des sacrements, c\u2019est l\u2019entr\u00e9e dans la vie chr\u00e9tienne :<\/h2>\n<p><\/p>\n<ul>\n<li><strong>sacrement de la foi<\/strong>, par laquelle les hommes r\u00e9pondent \u00e0 l\u2019\u00c9vangile du Christ. Quand c\u2019est un petit enfant qui est baptis\u00e9, ce sont ses parents, parrain et marraine qui donnent, en \u00c9glise, cette r\u00e9ponse de foi ;<\/li>\n<li><strong>entr\u00e9e dans l\u2019\u00c9glise universelle<\/strong>, le bapt\u00eame est le lien d\u2019unit\u00e9 de tous ceux qui en ont \u00e9t\u00e9 marqu\u00e9s ;<\/li>\n<li><strong>naissance \u00e0 la vie de Dieu<\/strong>, le bapt\u00eame est pour les Chr\u00e9tiens comme une nouvelle naissance, celle des fils de Dieu. Les nouveaux baptis\u00e9s sont marqu\u00e9s du signe de la croix, au nom du P\u00e8re, et du Fils et du Saint Esprit ;<\/li>\n<li><strong>participation \u00e0 la mort et la r\u00e9surrection<\/strong>, le bapt\u00eame est le premier des sacrements, \u00ab porte de la Vie et du Royaume \u00bb.<\/li>\n<\/ul>\n<p>M\u00eame s\u2019il est possible d\u2019\u00eatre baptis\u00e9 \u00e0 tout \u00e2ge, l\u2019\u00c9glise invite les parents \u00e0 faire baptiser leur enfant d\u00e8s les premi\u00e8res semaines de sa vie. Quand quelque chose est bon pour des parents, quand quelque chose a du sens pour eux, comment pourraient-ils faire attendre leur enfant et ne pas le partager avec eux ?<\/p>\n<p>Choisir de faire baptiser son enfant, c\u2019est lui offrir la possibilit\u00e9 d\u2019une vie en relation avec Dieu. Pour vivre dans l\u2019accueil de ce don, il n\u2019y a pas d\u2019\u00e2ge.<\/p>\n<p><em>source : <a href=\"http:\/\/diocesechartres.com\/\" target=\"_blank\" rel=\"noopener noreferrer\">site du dioc\u00e8se de Chartres<\/a><\/em><\/p>","protected":false},"excerpt":{"rendered":"<p>Pour demander le bapt\u00eame pour son enfant, pour vous m\u00eame. Pour obtenir un certificat de bapt\u00eame.<\/p>\n","protected":false},"author":1,"featured_media":2066,"parent":0,"menu_order":0,"comment_status":"closed","ping_status":"closed","template":"","meta":{"ngg_post_thumbnail":0},"_links":{"self":[{"href":"https:\/\/paroissesaintlaumer.com\/index.php\/wp-json\/wp\/v2\/pages\/44"}],"collection":[{"href":"https:\/\/paroissesaintlaumer.com\/index.php\/wp-json\/wp\/v2\/pages"}],"about":[{"href":"https:\/\/paroissesaintlaumer.com\/index.php\/wp-json\/wp\/v2\/types\/page"}],"author":[{"embeddable":true,"href":"https:\/\/paroissesaintlaumer.com\/index.php\/wp-json\/wp\/v2\/users\/1"}],"replies":[{"embeddable":true,"href":"https:\/\/paroissesaintlaumer.com\/index.php\/wp-json\/wp\/v2\/comments?post=44"}],"version-history":[{"count":12,"href":"https:\/\/paroissesaintlaumer.com\/index.php\/wp-json\/wp\/v2\/pages\/44\/revisions"}],"predecessor-version":[{"id":4318,"href":"https:\/\/paroissesaintlaumer.com\/index.php\/wp-json\/wp\/v2\/pages\/44\/revisions\/4318"}],"wp:featuredmedia":[{"embeddable":true,"href":"https:\/\/paroissesaintlaumer.com\/index.php\/wp-json\/wp\/v2\/media\/2066"}],"wp:attachment":[{"href":"https:\/\/paroissesaintlaumer.com\/index.php\/wp-json\/wp\/v2\/media?parent=44"}],"curies":[{"name":"wp","href":"https:\/\/api.w.org\/{rel}","templated":true}]}}